 31/4?
6
Suppose 0 = 7*v - 7 - 21. What is the remainder when 7 is divided by v?
3
Let d(h) = h**3 + 8*h**2 + 8*h - 2. Let j be d(-7). Let l = -4 - j. Calculate the remainder when 18 is divided by l.
3
Let a be 1/2 - (-5)/2. Suppose 0 = -3*i - 3*r, i + a*r = -0*r - 4. Let b(k) = k**3 + 5*k**2 - 7*k - 4. Calculate the remainder when b(-6) is divided by i.
0
Suppose 3*j + 32 = h + h, j + 28 = 2*h. Calculate the remainder when h is divided by 4.
1
Let c(a) = a**3 - 1. Let d be c(2). Suppose -3*v = d - 46. Calculate the remainder when 50 is divided by v.
11
Suppose -38*a = -43*a + 260. Calculate the remainder when a is divided by 29.
23
Let t(w) = 2*w**2 - 20*w - 6. Calculate the remainder when t(14) is divided by 29.
19
Suppose -4*y + 4*s + 32 = 0, 0 = -2*y + 3*s + 17 + 3. What is the remainder when 13/(y/80*4) is divided by 17?
14
Suppose 0*l + 12 = l. Calculate the remainder when l is divided by 8.
4
Let p = 201 + -195. Calculate the remainder when 14 is divided by p.
2
Suppose 0 = -4*q + 20 - 0. Calculate the remainder when 79 is divided by q.
4
Let x(n) = -2*n + 1. Calculate the remainder when (-1)/3 - 170/(-6) is divided by x(-7).
13
Let s(d) = 11*d - 26. Let c = -46 - -102. What is the remainder when c is divided by s(5)?
27
Let f be 7/((-28)/8) - -5. Suppose 18 = f*j - 0*j. Calculate the remainder when 21 is divided by j.
3
What is the remainder when 15 is divided by ((-4)/(-6))/(1/6)?
3
Suppose v - 11 = -3. Let o be (v/1)/((-4)/(-16)). Suppose 4*w - 48 = o. Calculate the remainder when w is divided by 7.
6
Let n(s) = s**2 + 3*s - 7. Let t = -11 + 7. Let p be 2*t*1 + 1. Calculate the remainder when n(p) is divided by 11.
10
Let c(l) = l**3 + 7*l**2 + 7*l. Let x = -7 + 2. Calculate the remainder when 43 is divided by c(x).
13
Suppose 4*x - 29 = 19. Suppose 13 = c + 3. Suppose -25 - c = -b. Calculate the remainder when b is divided by x.
11
Calculate the remainder when 48 is divided by (-33)/(-2) + (-7)/(-14).
14
Let q(z) be the second derivative of -z**4/12 - 2*z**3 - 7*z**2 - z. Suppose 2*w - 15 = 19. What is the remainder when w is divided by q(-10)?
5
Calculate the remainder when (18/15)/((-1)/(-5)) is divided by (-5)/(-1) - (-19 - -20).
2
Suppose 0 = -3*s + 7*s - 244. What is the remainder when s is divided by 13?
9
Let i = 79 - 26. Calculate the remainder when i is divided by 7.
4
Suppose 2*a = -5*o + 37, -5*a + 31 + 79 = -5*o. Calculate the remainder when 60 is divided by a.
18
Let l(y) = 4*y**2 - 4*y. Let d be l(5). Suppose -2*s + d = -0*s. What is the remainder when s is divided by 14?
12
Suppose -x + 0*x = 2. Let h(v) = 3*v**2 + v. Calculate the remainder when 37 is divided by h(x).
7
Let v(f) = 4*f**3 + f**2 - f - 2. Calculate the remainder when v(3) is divided by 23.
20
Let w = -4 - -19. Let s = 37 - w. Let n = 25 + -17. Calculate the remainder when s is divided by n.
6
Let m = 7 + -1. What is the remainder when 15 is divided by m?
3
Suppose 24 = s + 5*w, -5*w = -3*s - 65 + 237. What is the remainder when s is divided by 18?
13
Suppose 0*d = -d + 10. Calculate the remainder when 38 is divided by d.
8
Let m(v) = 7*v**2 + 2 + v**3 - 3*v - 6 - 4 + 1. What is the remainder when m(-3) is divided by 8?
6
Let n(q) = -q**3 - 7*q**2 - 7*q - 4. Let g be 45/3*3/9. Suppose -g*p + 37 = -c - 2*c, 4 = -c. What is the remainder when p is divided by n(-6)?
1
Suppose 2 = -2*t + 8. Let r be (3 + (0 - t))/2. Calculate the remainder when 2 is divided by (-2 - r) + 6/2.
0
Let z = -27 + 38. What is the remainder when 29 is divided by z?
7
Let m(f) = -f**2 + 14*f + 16. Let d be m(15). Let v = d - -16. Calculate the remainder when v is divided by 10.
7
Let c = 43 - 20. Suppose 5*z + 2*x = -2*x + 407, -5*x = z - 73. Let l = 127 - z. What is the remainder when l is divided by c?
21
Suppose 2*r + 57 = 5*r. Suppose 5*t + 3*w - 46 = 0, w = 4*t + r - 66. What is the remainder when ((-42)/(-4))/(1/2) is divided by t?
10
Let j(v) = -v**3 + 7*v**2 + 4*v - 6. Let d be j(6). Suppose 4*m - d - 50 = 0. Let x = 169 + -118. What is the remainder when x is divided by m?
25
Suppose 2*m = 3*n - 136, -87 = -2*n + 2*m + 3*m. Calculate the remainder when 136 is divided by n.
44
Let j(y) = -10*y**3 - 3*y**2 + 2. Let h = -27 + 51. What is the remainder when j(-2) is divided by h?
22
Let q = 22 - -6. Let b(j) = 12*j + 1. Let s be b(-9). Let u = s - -189. Calculate the remainder when u is divided by q.
26
Let v = 68 - 53. Calculate the remainder when 27 is divided by v.
12
Suppose -4*w + 9*w - 6 = g, 5*g - 51 = -2*w. Let y(p) = 2*p**3 - 6*p**2 + 4. Let l be y(4). Let m = l - 12. Calculate the remainder when m is divided by g.
6
Let b(h) = -h**2 + 7*h - 5. Let v(y) = -5*y**2 + 29*y - 21. Let d(z) = 9*b(z) - 2*v(z). Let q be d(4). What is the remainder when 65 is divided by (2*2)/(6/q)?
21
Suppose -2*q - 12 = -5*q. Suppose 3*j + 49 = 2*h, -q*j - 47 = -2*h + j. What is the remainder when h is divided by 9?
8
Let o(s) = -s + 0 - 2 + 6. What is the remainder when (-11)/(-2 - (2 + -3)) is divided by o(0)?
3
Suppose 36 = 2*b + 4*n, b - 2*b - 4*n + 14 = 0. Calculate the remainder when b is divided by 6.
4
What is the remainder when (-1074)/(-18) + 2/(-3) is divided by 15?
14
Let n(a) = a + 6. Let f be n(-5). Let g be (0 + (1 - 0))*f. What is the remainder when 3 is divided by (0 - -1)*2*g?
1
Let o(k) = -3*k + 9. Calculate the remainder when 1238/18 + (-8)/(-36) is divided by o(-3).
15
Let x = 126 + -75. Calculate the remainder when x is divided by 13.
12
Let j = 4 + -4. Suppose -n + 6 = -j*n. Calculate the remainder when 10 is divided by n.
4
Let j(s) = -3*s - 6. Suppose -3*g + 4*t = -0*t - 93, 0 = 5*g - 2*t - 169. Calculate the remainder when g is divided by j(-6).
11
Suppose 0 = -4*r + 26 - 2. Let n(t) = t**3 - 4*t**2 - 6*t + 8. Calculate the remainder when n(r) is divided by 15.
14
Suppose 2*d - 154 = -2*h + h, -4*d = 3*h - 310. Calculate the remainder when d is divided by 20.
16
Let x(a) = a**3 + 3*a**2 + 2*a + 2. Calculate the remainder when x(-2) is divided by 1.
0
Let k(w) = 3*w + 16. What is the remainder when k(3) is divided by 6?
1
Let y(u) = u**2 + 4*u - 5. Suppose -g = 3*o - 6, g + o - 1 = 3. Suppose x = 4*n - 46, 7 = -5*n + g*x + 61. What is the remainder when n is divided by y(-6)?
5
Let x(m) = m**2 - m - 9. Let b be x(4). Suppose b = r - 16. Calculate the remainder when r is divided by 7.
5
Suppose -2*n - 4*j = -0*n - 40, -2*j - 84 = -3*n. Let q = n + -15. Calculate the remainder when 32 is divided by q.
10
Let n be (16/16)/((-2)/36). What is the remainder when ((-46)/4)/(9/n) is divided by 12?
11
Suppose -24 = 3*l - 2*t - 165, 2*t = l - 51. What is the remainder when l is divided by 7?
3
Let j = -168 - -184. Calculate the remainder when 28 is divided by j.
12
Suppose 0 = -u - 4*g + 4 + 15, -2*u + 48 = -2*g. What is the remainder when u is divided by 4?
3
Calculate the remainder when (1 + (-4 - -4))*(102 - 1) is divided by 26.
23
Suppose -4*d + 10 = -5*t - 4, -1 = -d. Let m be 186/(-12) + t/(-4). Let f = m - -29. Calculate the remainder when f is divided by 8.
6
What is the remainder when (0 + (-9)/(-12))/(3/84) is divided by (-19)/(-3) - (-1)/(-3)?
3
Let m(a) = 18*a. Suppose 0 = -4*n - n + 5. Calculate the remainder when 35 is divided by m(n).
17
Suppose 0*k = -4*k + 24. Suppose -a + 0 = -k. Calculate the remainder when a is divided by 2.
0
Suppose 5 = k + 4*w - 16, -3*w - 78 = -3*k. Calculate the remainder when k is divided by 8.
1
Let m(f) = -49*f + 5. Let x(s) = 50*s - 4. Let u(o) = 3*m(o) + 4*x(o). Let h be u(-1). Let i = -33 - h. Calculate the remainder when i is divided by 11.
10
Let x(h) = 2*h + 3. Calculate the remainder when (6/18)/(3/135) is divided by x(3).
6
Let z be 85 + 3 + (-3 - -3). Suppose h = -h + 32. Suppose -h = -2*f + z. What is the remainder when f is divided by 18?
16
Let u be 10/(-15) - (-56)/(-6). Let r be 31/(-4)*(-5 + 1). Let d = r + u. Calculate the remainder when d is divided by 11.
10
Let j(w) = w**2 - 1. Let q be j(-2). Let k be 1 - 1 - -1 - -67. Suppose q*b = b + k. What is the remainder when b is divided by 12?
10
Suppose 0 = -8*k + 13*k - 190. What is the remainder when 225 is divided by k?
35
Let g(h) = -h + 11. Let a be g(9). Suppose 5*r - 14 = 3*y, -a*y - y + r = 10. Let b(k) = -2*k + 3. Calculate the remainder when 17 is divided